, 7, 11, 19, 35141
List the prime factors of 2874167.
421, 6827
List the prime factors of 166062408.
2, 3, 263, 26309
List the prime factors of 2697934032.
2, 3, 19, 29, 37, 919
List the prime factors of 152011287.
3, 877, 19259
What are the prime factors of 6602681971?
31, 577, 369133
What are the prime factors of 271691544?
2, 3, 43, 263267
What are the prime factors of 1346402449?
7, 419, 65579
What are the prime factors of 1196683937?
43, 1213, 22943
List the prime factors of 13893184.
2, 217081
What are the prime factors of 6686670?
2, 3, 5, 19, 11731
What are the prime factors of 1143447446?
2, 97, 269, 21911
What are the prime factors of 6672611?
11, 43, 14107
What are the prime factors of 3472542?
2, 3, 103, 1873
List the prime factors of 829663523.
13, 29, 2200699
List the prime factors of 136561563.
3, 163, 93089
List the prime factors of 1507615186.
2, 7, 11, 809, 12101
List the prime factors of 234429291.
3, 71, 366869
List the prime factors of 64773826.
2, 13, 61, 40841
List the prime factors of 4010722.
2, 53, 157, 241
List the prime factors of 45916371.
3, 17, 37, 8111
List the prime factors of 127634119.
127634119
List the prime factors of 777189652.
2, 89, 2183117
List the prime factors of 588027875.
5, 17, 167, 1657
What are the prime factors of 65681163?
3, 1249, 5843
What are the prime factors of 960481039?
7, 37, 3708421
List the prime factors of 103679011.
103679011
What are the prime factors of 1363791191?
7, 97, 2008529
List the prime factors of 7619750.
2, 5, 29, 1051
List the prime factors of 70678495.
5, 14135699
What are the prime factors of 193442865?
3, 5, 7, 11, 167483
List the prime factors of 866979941.
479, 1809979
What are the prime factors of 871383429?
3, 7, 257, 53819
What are the prime factors of 7037930?
2, 5, 31, 73, 311
List the prime factors of 80745616.
2, 7, 720943
What are the prime factors of 470386634?
2, 17, 401, 34501
List the prime factors of 586774407.
3, 10891, 17959
What are the prime factors of 8455541?
443, 19087
List the prime factors of 1866361762.
2, 17, 6967, 7879
List the prime factors of 1234299531.
3, 23, 3089, 5791
What are the prime factors of 5388780406?
2, 29, 31, 53, 193, 293
What are the prime factors of 233936004?
2, 3, 2087, 9341
List the prime factors of 13117653.
3, 47, 10337
List the prime factors of 46463427.
3, 23, 224461
What are the prime factors of 657956130?
2, 3, 5, 13, 19, 88793
List the prime factors of 211537644.
2, 3, 1187, 14851
List the prime factors of 252689410.
2, 5, 2273, 11117
What are the prime factors of 33399711?
3, 1637, 2267
List the prime factors of 130722287.
1723, 75869
List the prime factors of 172248103.
2477, 69539
What are the prime factors of 685418503?
7, 11, 683, 13033
What are the prime factors of 263789369?
19, 23, 73, 8269
List the prime factors of 47662879.
11, 347, 12487
What are the prime factors of 9601610038?
2, 23, 37, 5641369
List the prime factors of 101848784.
2, 23, 276763
List the prime factors of 17774654.
2, 137, 64871
List the prime factors of 4177339318.
2, 43, 48573713
What are the prime factors of 1948357764?
2, 3, 54121049
List the prime factors of 74206140.
2, 3, 5, 1236769
What are the prime factors of 873580072?
2, 109197509
List the prime factors of 370466885.
5, 1093, 67789
What are the prime factors of 761387994?
2, 3, 773, 54721
List the prime factors of 55358986.
2, 27679493
List the prime factors of 136232719.
7, 19461817
What are the prime factors of 2009306906?
2, 1361, 738173
What are the prime factors of 2149056?
2, 3, 7, 13, 41
List the prime factors of 9317138.
2, 4658569
List the prime factors of 543413146.
2, 271706573
List the prime factors of 35791349.
11, 109, 29851
What are the prime factors of 1372747707?
3, 83, 1837681
What are the prime factors of 1014754477?
11, 257, 358951
What are the prime factors of 2042815086?
2, 3, 13, 2909993
List the prime factors of 1671193966.
2, 13, 79, 401, 2029
List the prime factors of 749617214.
2, 374808607
What are the prime factors of 364953294?
2, 3, 2081, 9743
List the prime factors of 373481528.
2, 7, 61, 15619
What are the prime factors of 7267861?
19, 382519
What are the prime factors of 88818089?
53, 71, 23603
What are the prime factors of 47140266?
2, 3, 1129, 6959
List the prime factors of 137670006.
2, 3, 89, 103, 2503
List the prime factors of 4437546266.
2, 47, 47207939
What are the prime factors of 107559137?
7, 461, 33331
List the prime factors of 204079429.
204079429
What are the prime factors of 1379736668?
2, 344934167
What are the prime factors of 32937912?
2, 3, 7, 65353
List the prime factors of 550757053.
7, 11, 109, 211, 311
What are the prime factors of 543114539?
11, 311, 158759
List the prime factors of 759741097.
757, 1003621
What are the prime factors of 2893325044?
2, 761, 950501
What are the prime factors of 1748358382?
2, 53, 3037, 5431
What are the prime factors of 1431250450?
2, 5, 7, 4089287
What are the prime factors of 143488925?
5, 17, 31, 10891
List the prime factors of 1544282766.
2, 3, 13, 2199833
List the prime factors of 1162760233.
19, 787, 77761
List the prime factors of 4415030264.
2, 313, 1763191
List the prime factors of 32152123.
19, 1692217
List the prime factors of 1420157951.
17, 521, 160343
What are the prime factors of 1748133335?
5, 13, 1109, 24251
List the prime factors of 69377801.
61, 1137341
List the prime factors of 1720576141.
19, 47, 859, 2243
What are the prime factors of 188762863?
23, 37, 221813
What are the prime factors of 8322303?
3, 11, 41, 6151
What are the prime factors of 3638447889?
3, 1212815963
List the prime factors of 131082319.
193, 679183
List the prime factors of 1418845318.
2, 11, 1913, 33713
List the prime factors of 50853267.
3, 5650363
What are the prime factors of 51588868?
2, 97, 132961
What are the prime factors of 879294696?
2, 3, 7, 83, 63059
List the prime factors of 93009416.
2, 37, 199, 1579
What are the prime factors of 29751064?
2, 7, 97, 5477
List the prime factors of 587077862.
2, 7, 5381, 7793
List the prime factors of 1482381970.
2, 5, 23, 953, 6763
List the prime factors of 377164219.
127, 2969797
List the prime factors of 483497250.
2, 3, 5, 73, 8831
List the prime factors of 24285395.
5, 53, 113, 811
List the prime factors of 355867672.
2, 6343, 7013
List the prime factors of 583332930.
2, 3, 5, 6481477
What are the prime factors of 759660807?
3, 67, 293, 12899
What are the prime factors of 2795425280?
2, 5, 659, 1657
List the prime factors of 1556726225.
5, 31, 2008679
List the prime factors of 82121296.
2, 5132581
What are the prime factors of 235669468?
2, 47, 971, 1291
What are the prime factors of 1175854213?
29, 563, 72019
What are the prime factors of 93759773?
93759773
What are the prime factors of 767384399?
29, 359, 73709
What are the prime factors of 109572343?
73, 1500991
What are the prime factors of 8036544?
2, 3, 19, 2203
List the prime factors of 1260676666.
2, 43, 131, 317, 353
What are the prime factors of 943810235?
5, 79, 199, 12007
List the prime factors of 1476541050.
2, 3, 5, 103, 95569
List the prime factors of 1207766228.
2, 569, 530653
What are the prime factors of 119037799?
31, 3839929
What are the prime factors of 422617105?
5, 191, 442531
What are the prime factors of 181410735?
3, 5, 11, 1099459
List the prime factors of 315404034.
2, 3, 11, 457, 10457
List the prime factors of 2766859572.
2, 3, 19, 12135349
List the prime factors of 28360124.
2, 13, 545387
List the prime factors of 58483500.
2, 3, 5, 127, 307
List the prime factors of 1095454055.
5, 137, 1599203
What are the prime factors of 2007142342?
2, 1003571171
List the prime factors of 607127696.
2, 7, 5420783
List the prime factors of 698226735.
3, 5, 46548449
What are the prime factors of 64284990?
2, 3, 5, 7, 11, 17, 1637
What are the prime factors of 155635956?
2, 3, 7, 83, 1063
What are the prime factors of 272423691?
3, 17, 19, 31, 3023
List the prime factors of 13207041.
3, 241, 6089
What are the prime factors of 174812033?
11, 131, 121313
List the prime factors of 111266944.
2, 869273
List the prime factors of 63860241.
3, 97, 219451
What are the prime factors of 136180492?
2, 7, 4863589
What are the prime factors of 30731381?
23, 1013, 1319
List the prime facto